h + 1168. Let z be r(17). Calculate the greatest common factor of z and 1.
1
Suppose -449 = -2*u - 71. Let o(n) = -12*n - 39. Let k be o(-5). What is the highest common factor of u and k?
21
Let q be ((-67419)/54)/(2/(-4)). What is the greatest common divisor of 11 and q?
11
Let a = 4877 - 3969. What is the highest common factor of a and 2951?
227
Suppose d - 2*t = -0*d, -3*t = -6. Let g = d - -7. Let m be 77*14/(-147)*2/((-4)/57). Calculate the highest common divisor of m and g.
11
Let g = 21217 - 21197. Suppose -2*b = 3*u - 1646, -4*b + 4*u + 0*u + 3272 = 0. What is the greatest common divisor of b and g?
20
Suppose 10*g - 6*g = 312. Let r = -66 + g. Calculate the highest common divisor of r and 276.
12
Let o(u) = 17*u - 5. Let r(w) = -3*w - 10. Let h be r(-5). Let n be o(h). What is the highest common factor of n and 32?
16
Suppose -105 = -2*s - 5*o, 0 = -3*s - 0*s + o + 115. Suppose -52 = -5*c + 3*q + s, -2*c - 4*q = -42. What is the highest common divisor of c and 380?
19
Let r(p) be the second derivative of p**4/12 + p**3/2 - 5*p**2 + 159*p - 4. Let g = 5 + -1. Let u be r(g). Calculate the greatest common divisor of u and 9.
9
Let f = -886 + 910. Let j(q) = -q + 2*q + 20*q + 27*q. Let i be j(2). What is the highest common divisor of f and i?
24
Let w(j) = -8*j + 60. Let t(x) = -196 + 3*x - 4*x + 16*x + 76. Let m(c) = -3*t(c) - 5*w(c). Let l be m(6). What is the greatest common divisor of l and 45?
15
Let c be 20 + (-3 - (-1 + -1)). Let i = c + -15. Suppose -2*g + 30 = 2*m, -2*m - 67 = -i*g + m. What is the highest common factor of 24 and g?
8
Let c = -19 - -113. Let f = c + -57. Suppose -f*v + 36*v + 8 = 0. What is the greatest common factor of 2 and v?
2
Let n = 244 - 242. Let x be 117/n - (-45)/30. What is the highest common factor of x and 480?
60
Suppose -3113 = -9*v + 4*r, 0 = 3*v - r - 839 - 198. What is the highest common factor of v and 165?
15
Let i(p) = 2*p**2 + 2*p + 4. Let q be i(0). Suppose -4*d - 7*w + 28 = -10*w, q*d + w - 44 = 0. What is the greatest common factor of d and 36?
2
Let h = 26 + 51. Let r(q) = -2*q**3 - 10*q**2 + 8*q - 17. Let j be r(-6). What is the greatest common divisor of h and j?
7
Let v = -723 - -733. Let w be (-42)/(-9) - (-1)/3. Let q be 4*w*375/30. Calculate the highest common divisor of q and v.
10
Let y be ((2142/(-24))/7)/((-7)/56). Calculate the greatest common factor of 5406 and y.
102
Let d be 34/9 + (-4)/(-18). Suppose d*b - 57 = -b + 4*r, -5*r = 2*b - 3. Let t be (21/b)/((-1)/(-3)). Calculate the greatest common factor of 7 and t.
7
Let t = 2776 - 2614. Let j = -10 + 17. Let f = 25 - j. What is the greatest common divisor of f and t?
18
Let u(c) be the second derivative of -c**5/20 - c**4/2 - c**3 + c**2 - 11*c. Let y = 186 - 191. Let o be u(y). Calculate the highest common factor of o and 7.
7
Let s = 124 - 118. Let y be ((-4)/s)/(8/(-252)). Suppose -5*u - 163 = -2*r, 321 - 64 = 3*r + 5*u. Calculate the highest common divisor of r and y.
21
Suppose 0 = -3*w - 5*s + 252, 5*w - 4*s = 3*w + 146. Let c(k) = 38*k - 2. Let f be c(-2). Let x = w + f. Calculate the greatest common divisor of x and 1.
1
Let z = -14650 + 14660. What is the highest common factor of 8990 and z?
10
Let h(n) = -n + 16. Suppose 0 = z - 31 + 23. Let j be h(z). Let k(q) = -8*q - 8. Let t be k(-8). Calculate the greatest common factor of t and j.
8
Suppose -23*t - 4760 = -45*t - 48*t. Calculate the highest common divisor of 18700 and t.
68
Let z(i) = -i**3 + 20*i**2 + 27*i - 34. Let p be z(21). Let s = -102 + p. Let x = 50 - s. What is the highest common divisor of 45 and x?
15
Let z(h) = -13*h**2 + 3*h - 19. Let c be z(3). Let o = 164 + c. What is the highest common factor of o and 111?
37
Let z = -2445 + 2473. Calculate the greatest common factor of z and 260.
4
Suppose -15*a + 1506 = -13*a + n, -a + 3*n + 774 = 0. Calculate the highest common factor of a and 2142.
126
Suppose 6 = t - 331. Suppose t + 1159 = 4*u. Calculate the highest common factor of 68 and u.
34
Let p(z) = -z**2 + 23*z + 11. Suppose 1174 = 11*b + 129. Let o = b - 72. Let m be p(o). Calculate the highest common divisor of m and 275.
11
Let j = 203 - 195. Suppose 76 = j*g - 132. What is the greatest common divisor of g and 208?
26
Let g be ((-105)/(-9) - 12) + 22/3. What is the greatest common divisor of 56 and g?
7
Suppose -u + 8 = 8*m - 3*m, -5*m - 57 = -4*u. Suppose u*g - 4 = 11*g. Let b be 1 - (g - -2)/(-1). Calculate the highest common divisor of b and 2.
1
Let x = -2077 + 1295. Let v = 1392 + x. What is the greatest common divisor of v and 10?
10
Let g = 214 - -122. Let p(k) = -k**3 - 12*k**2 - 18*k + 36. Let m be p(-10). What is the greatest common factor of g and m?
16
Let y(i) = 0*i + 262 - 26 + 6*i + 10*i. Let n be y(-10). What is the greatest common factor of n and 8?
4
Let m = 252 + -204. Calculate the greatest common factor of 664 and m.
8
Suppose 5 = x - 0. Let v(h) = 2*h - 11. Let w be v(x). Let g be (-22)/(-3) + -2*w/(-6). Calculate the highest common factor of g and 91.
7
Let u be (-177)/(-354)*3880/1. Calculate the greatest common divisor of 20 and u.
20
Let c = 38 - 14. Let z(k) = -2*k**2 - 6*k + 39. Let v be z(-7). Let t = v + c. Calculate the greatest common factor of 21 and t.
7
Let g(o) = 5*o**2 - 108*o**3 - 6*o + 10 + 107*o**3 + 14*o. Let z be g(6). What is the highest common factor of 187 and z?
11
Let m be (-22 + -2)*(-120)/96. Calculate the highest common divisor of m and 1335.
15
Let n = 16559 + -12809. Calculate the highest common divisor of n and 30.
30
Suppose -4*m = -3*d - 2, 5*d + 38 = 2*d - 5*m. Let w be -10 - d/1 - -82*2. What is the highest common factor of w and 10?
10
Suppose -3*p - 172 = -2*b + 8, -b - 2*p = -111. Calculate the greatest common divisor of b and 17127.
99
Let w = 693 - -88. Let q = -329 + 471. What is the greatest common divisor of w and q?
71
Suppose 12*b - 468 = -2*h + 13*b, 0 = -3*b - 24. Calculate the greatest common divisor of 5290 and h.
230
Let t(y) = 18*y + 102. Let w be t(7). Suppose 16*i = -3*i + w. Calculate the highest common factor of i and 72.
12
Suppose -480 = 3*s - 5*s. Suppose 3*t = -9*t + s. Suppose 0 = -4*w + w + 15. Calculate the highest common factor of t and w.
5
Let k be ((-10)/(-2) - (-42 - -51)) + 27. Calculate the greatest common divisor of k and 25.
1
Suppose 3*v = -t + 101, -2*t - 5*v + 140 = -67. Let s = 1758 - 1754. Calculate the greatest common factor of t and s.
4
Suppose -v - 946 = 2*r - 4*v, 2*v - 473 = r. Let q = -153 - r. Calculate the highest common divisor of q and 64.
64
Suppose 0 = -2*f + 5*f. Suppose f = 2*g + g + 276. Let i = g - -187. Calculate the highest common factor of i and 19.
19
Suppose -5*p - 4*j = -2*j - 3313, 2*j = -2. What is the greatest common factor of 867 and p?
51
Let j = 3732 + -903. What is the highest common divisor of 69 and j?
69
Suppose 5*g + 3*m - 133 = 0, 0 = -2*g + 2*m - 14 + 64. Let p be (-246*3)/(-3) - (g + -30). Calculate the greatest common divisor of p and 60.
10
Let n = 5312 - 4394. What is the highest common factor of 68 and n?
34
Suppose 3*q + 4*o = 135, 102 + 100 = 5*q - o. Let m = 71 - q. Suppose -75*j = -182*j + 1070. What is the highest common divisor of m and j?
10
Let h = -117 - -129. Let g be (-1 - -4) + (0 - -37). Suppose -3*u + 8*u - g = 0. What is the highest common divisor of h and u?
4
Let x(r) = 11*r**2 - r + 10. Let i be x(5). Let b(p) = p**2 + 25*p - 21. Let t be b(-26). Suppose -t*h = 10 - i. Calculate the highest common factor of 6 and h.
6
Let f = -182 - -781. Suppose -6*r - 209 = -f. Suppose -g - 3*g = 5*l - r, -97 = -5*g - l. Calculate the highest common divisor of g and 20.
20
Let c(o) = -o**3 + 12*o**2 + 8*o + 148. Let z be c(0). What is the greatest common factor of 703 and z?
37
Suppose -29*u = -u - 196. Suppose -6*g - u*g + 507 = 0. Calculate the greatest common factor of g and 104.
13
Let l = 3467 - 3437. Calculate the highest common factor of 18 and l.
6
Suppose 2*z + 2*b = 3688, -4*b + 9000 = 5*z - 224. Calculate the greatest common factor of 21 and z.
21
Let s = -279 + 400. Suppose l - b = 29, 4*l + 0*l = -b + s. Suppose 30 = m - 0*m - 5*a, 0 = m + a - 12. Calculate the highest common factor of m and l.
15
Let b be (-69180)/(-210) + 20/35. Suppose 3*t = 4*c - t - 28, -t = -2*c + 15. Suppose 2*u 